687 + -2?
15685
In base 13, what is 4605 + -2?
4603
In base 7, what is 1542 - -2?
1544
In base 10, what is 881 - 0?
881
In base 12, what is -23a - -65?
-195
In base 12, what is 4 + 4b?
53
In base 15, what is 27 + -8?
1e
In base 13, what is 74 - 17b?
-107
In base 2, what is 100 - -11111?
100011
In base 16, what is -5fd + -5?
-602
In base 8, what is 650 + -4?
644
In base 9, what is -107 - 6?
-114
In base 10, what is -96 + -32?
-128
In base 8, what is 630 - 3?
625
In base 6, what is -23 + -1041?
-1104
In base 14, what is 9 + 349?
354
In base 7, what is 2442 - 2?
2440
In base 7, what is 11 - 45?
-34
In base 4, what is -1122 + -10?
-1132
In base 12, what is 95b + 0?
95b
In base 4, what is -31 + -210?
-301
In base 8, what is 5 - -4?
11
In base 3, what is -12 - 200?
-212
In base 11, what is 813 + 9?
821
In base 13, what is -2 + 2b4b?
2b49
In base 6, what is -3 - -354?
351
In base 13, what is 6 - -2a?
33
In base 12, what is -421 - -1?
-420
In base 11, what is 9 + 22?
30
In base 8, what is 366 - -2?
370
In base 6, what is 5 - 1344?
-1335
In base 13, what is -6 + -1a?
-23
In base 13, what is -59 + 4?
-55
In base 5, what is -10 - 240?
-300
In base 11, what is 3 - -a17?
a1a
In base 12, what is -1 - -a?
9
In base 6, what is -313 + -3?
-320
In base 15, what is 7 + 3?
a
In base 14, what is -6 + -61?
-67
In base 7, what is 122 + 12?
134
In base 7, what is 0 + -645?
-645
In base 15, what is 11 - -4?
15
In base 15, what is -197 + -2?
-199
In base 14, what is 2c - 30?
-2
In base 3, what is 120001 + -11?
112220
In base 4, what is -1 - 1223?
-1230
In base 7, what is -4 - 226?
-233
In base 2, what is 10 - -10000010000?
10000010010
In base 13, what is 36b - 0?
36b
In base 14, what is -4 - -432?
42c
In base 6, what is -405 - 0?
-405
In base 5, what is 423 - 10?
413
In base 14, what is -b + 16?
9
In base 15, what is 1258 - 3?
1255
In base 12, what is 3 - -53?
56
In base 7, what is -3 - -2314?
2311
In base 13, what is 1 - -9c?
a0
In base 3, what is -101022 - -2?
-101020
In base 3, what is 12 - -1110?
1122
In base 2, what is 10 + 1011100?
1011110
In base 10, what is -1472 - -5?
-1467
In base 3, what is -2120 + 0?
-2120
In base 9, what is 78 + -1?
77
In base 8, what is -2 - 300?
-302
In base 2, what is -1100010 + 11?
-1011111
In base 14, what is -5 + 25c?
257
In base 2, what is 10 + 10111000001?
10111000011
In base 14, what is 17b + -3?
178
In base 9, what is -51 - 10?
-61
In base 9, what is 2254 + -2?
2252
In base 3, what is -10 - -100201100?
100201020
In base 14, what is 2 + 207?
209
In base 16, what is -5 + 78?
73
In base 4, what is 1112223 + -3?
1112220
In base 14, what is 140 - -4?
144
In base 3, what is 111 - -22?
210
In base 10, what is -1 + 13?
12
In base 12, what is 169 + 4?
171
In base 3, what is 112122 - 12?
112110
In base 11, what is -173 + 1?
-172
In base 2, what is -1000001100 - -100?
-1000001000
In base 16, what is -41 - 9b?
-dc
In base 14, what is 22 - -3?
25
In base 4, what is 11033 + -111?
10322
In base 2, what is 1 - 1010?
-1001
In base 11, what is -2a1 - 2?
-2a3
In base 4, what is -22010 - 1?
-22011
In base 10, what is 2 - -52?
54
In base 16, what is 344 + 0?
344
In base 11, what is -38 - 12?
-4a
In base 5, what is -11 + -1312?
-1323
In base 3, what is 1001 - -200?
1201
In base 7, what is -2042 - 5?
-2050
In base 14, what is -4d - 11?
-60
In base 5, what is -2 - 121032?
-121034
In base 5, what is 240 + -3?
232
In base 6, what is 4132 + 1?
4133
In base 12, what is 8 + 1568?
1574
In base 2, what is 10110 + -100?
10010
In base 11, what is 16 - 1a?
-4
In base 4, what is -10 + 23?
13
In base 13, what is -4 + -13?
-17
In base 13, what is -aa - -32?
-78
In base 11, what is 2 - 32a?
-328
In base 5, what is -12 + 243?
231
In base 14, what is -92 - -46?
-4a
In base 16, what is -3 + 79e?
79b
In base 5, what is 110 + -41?
14
In base 7, what is -111 - 26?
-140
In base 9, what is -4 - -13?
8
In base 11, what is 3 - -a6?
a9
In base 4, what is 2 - 1022?
-1020
In base 8, what is 1 - 71?
-70
In base 4, what is -32 + 23?
-3
In base 16, what is -4 + -182?
-186
In base 15, what is 3 - -d99?
d9c
In base 5, what is -300211 - 0?
-300211
In base 15, what is 2 - -b78?
b7a
In base 15, what is -1464 - 5?
-1469
In base 4, what is 31232 + -11?
31221
In base 7, what is -20 + -23?
-43
In base 10, what is 191 - -20?
211
In base 8, what is 4230 + -4?
4224
In base 7, what is 0 - 151?
-151
In base 2, what is 1 + 1000000001?
1000000010
In base 12, what is -1 - -159?
158
In base 12, what is -115 + -2?
-117
In base 9, what is -1 - -45?
44
In base 5, what is 32422 - 2?
32420
In base 16, what is 6c - d?
5f
In base 9, what is 3 - -630?
633
In base 16, what is 335 - 2?
333
In base 7, what is 132 + 10?
142
In base 5, what is -32 - -431?
344
In base 15, what is 17 - -4a?
62
In base 6, what is -3 - -33431?
33424
In base 3, what is -100201 + 10?
-100121
In base 6, what is 33 + 42?
115
In base 13, what is -4 - 4?
-8
In base 4, what is 312 + -10110?
-3132
In base 9, what is -36 - 5?
-42
In base 16, what is 5 + 3f?
44
In base 6, what is 33253 + -2?
33251
In base 9, what is 0 - -85?
85
In base 2, what is -100111110011110 + -10?
-100111110100000
In base 12, what is -4 + 143?
13b
In base 13, what is a33 + -2?
a31
In base 11, what is 3 - -1660?
1663
In base 14, what is 4 + -291?
-28b
In base 15, what is -4b1 + -2?
-4b3
In base 10, what is -658 - 1?
-659
In base 5, what is -140 - -43?
-42
In base 7, what is 1033 - -20?
1053
In base 6, what is -1100 + 5?
-1051
In base 7, what is 21 + -66?
-45
In base 13, what is -32 + -10?
-42
In base 9, what is -110 - -5?
-104
In base 9, what is -6 + 35?
28
In base 3, what is 22 - 120?
-21
In base 15, what is 105 + 2?
107
In base 5, what is -3 - -104?
101
In base 4, what is 311 - 10?
301
In base 4, what is 21 + -13222?
-13201
In base 3, what is 2 + 2020?
2022
In base 11, what is 2 + -40?
-39
In base 10, what is 33174 - 5?
33169
In base 9, what is 5403 - 1?
5402
In base 12, what is -303 - -1?
-302
In base 15, what is b - 2c?
-21
In base 14, what is -3d6 - -8?
-3cc
In base 3, what is -11 - 100?
-111
In base 11, what is 11 + -27a?
-269
In base 12, what is a + 28?
36
In base 10, what is 1659 - 4?
1655
In base 4, what is -32 - -10?
-22
In base 8, what is 50 + 2?
52
In base 3, what is -11 + 0?
-11
In base 7, what is -5 + 66?
61
In base 8, what is -5 - -27?
22
In base 10, what is 9 + 117?
126
In base 10, what is -5 - 0?
-5
In base 16, what is -4 + -5e5?
-5e9
In base 12, what is -1b + 5?
-16
In base 2, what is 1101100101 + 0?
1101100101
In base 2, what is -100001100 + -1010?
-100010110
In base 4, what is 223131 - 3?
223122
In base 7, what is -164 + 14?
-150
In base 9, what is 25 + 47?
73
In base 3, what is 1 - -10222100?
10222101
In base 3, what is -21 - 102?
-200
In base 8, what is -646 + -11?
-657
In base 8, what is -537 - -4?
-533
In base 13, what is -928 - -4?
-924
In base 15, what is -3 + 1563?
1560
In base 2, what is -1101010111010 + 10?
-1101010111000
In base 7, what is -111 + 1423?
1312
In base 7, what is 3265 + 0?
3265
In base 10, what is -67 - 85?
-152
In base 16, what is cd + -3?
ca
In base 11, what is -4 + 74?
70
In base 14, what is 2 - 4c?
-4a
In base 5, what is -11214 - 0?
-11214
In base 9, what is -25281 - -5?
-25275
In base 14, what is 0 - -291?
291
In base 15, what is -1b1 + 5?
-1ab
In base 5, what is -3114 + 4?
-3110
In base 15, what is -5 + -27?
-2c
In base 9, what is -5 + -1687?
-1703
In base 15, what is 6a + 3?
6d
In base 10, what is -15 + -21?
-36
In base 8, what is -3464 + 1?
-3463
In base 7, what is -24362 - -5?
-24354
In base 8, what is 20131 - -3?
20134
In base 7, what is 201 - -5?
206
In base 13, what is -13 + -49?
-5c
In base 10, what is -1 - -499?
498
In base 16, what is -2 + 4c?
4a
In base 14, what is -2 - -13a8?
13a6
In base 3, what is 202201001 + 11?
202201012
In base 7, what is -120202 - -4?
-120165
In base 13, what is -b4 - -1?
-b3
In base 6, what is 2141 + 2?
2143
In base 12, what is 3 - -b8?
bb
In base 16, what is -3a - 2?
-3c
In base 6, what is -3 - 125?
-132
In base 15, what is 201 + 6?
207
In base 9, what is 0 - 312?
-312
In base 12, what is 67 + 3?
6a
In base 6, what is 442 - -2?
444
In base 3, what is -100110 - 0?
-100110
In base 2, what is 11101 + -10010?
1011
In base 10, what is 5 + 0?
5
In base 2, what is 1010 + -11101?
-10011
In b